?
70
-26 - ((4 - -7) + -15) - -26
4
-5 - (-42 + 48 - (-12 + 8) - (56 - -1))
42
Calculate -15 + -144 + (75 + -66 - (2 + (-3 - 1))).
-148
What is the value of (33 - (106 + -64)) + 0 + -2 + 26?
15
What is 6 + -44 + 12 + 22 + 8?
4
What is -8 + 6 - 74 - (-10 + (-45 - -39))?
-60
What is 20 + -161 + 241 - 83?
17
Calculate (-90 - -2 - (9 + -14)) + 83 + -82.
-82
What is the value of -6 + (-17 + 9 - -12) + -1 + 4 - -1?
2
Calculate -51 - (50 - (108 + -36)).
-29
What is 139 - (44 - -115) - (7 + -2 - -8)?
-33
Evaluate -29 - -15 - (53 + -115).
48
-50 - (4 + -39 + -5 + 10 - -16)
-36
What is (-49 - -119) + -49 - 52?
-31
What is the value of -35 + 1 - (-996 + 999)?
-37
-38 + (1 - -8) + -4 + 12 + -39 + 12
-48
Calculate -21 + 296 + -306 + (0 - -1) + 26.
-4
Evaluate 31 - (2 - (-8 - (0 + (6 - 14)))).
29
77 + -2 - (-461 + 526)
10
Evaluate (39 - (-105 + 130)) + -110.
-96
What is 6 + -19 - (-13 - -1 - (-135 - -126)) - -2?
-8
Calculate (-28 - (22 + -28) - -5) + 15 + 1 + -43.
-44
What is the value of -2 - (-5 + -2 + (-169 - -160))?
14
(10 + -39 - -8) + 3
-18
What is the value of -9 + -53 + (57 - (-32 - -52))?
-25
-305 + 287 + (0 + -3 - -74) - 0
53
What is the value of -1 + -18 - (4 + -2 + -23 - -30)?
-28
37 + -59 + 44 + -11
11
Calculate -17 + (-1 - (-7 - 39 - 28)).
56
Calculate (6 - 12) + 10 - (4 - (0 + 4) - 53).
57
Evaluate (52 + -116 - -17) + 199.
152
Evaluate 25 - ((3 - 26) + 104).
-56
What is -14 + (18 - (-7 - -14)) + -7?
-10
Evaluate (12 - -58) + -602 + 557.
25
What is (3 - -37) + (-2 - -3) + -378 + 366?
29
Evaluate -1 - -16 - (-2 - 0 - (493 - 552)).
-42
Evaluate 93 + -137 + (2 - -31) + 16.
5
Calculate (-7 - (-50 + 83)) + 72.
32
Calculate 6 + (-84 - 1 - (-3 - -19 - (-2 + 10))).
-87
Calculate -35 - (-44 + 2) - (-1 - 10).
18
What is the value of -109 + (108 - 25) - 11?
-37
What is the value of (-5 - ((-4 - 0) + 2)) + -44 + 43 - 42?
-46
Calculate 22 - -3 - (-16 + 34 - 4) - (-4 + 46).
-31
-19 - (-10 + (16 - (-23 - -25)) + 94)
-117
What is 8 + -28 + (-34 - -15)?
-39
Calculate 6 + 12 + -5 - (-38 + -12 + 35).
28
What is the value of (-51 - 3) + 50 - 23?
-27
What is -793 + 860 - (-6 - 3)?
76
Calculate -9 + 1 + (8 - -6 - 8) + 23 - -3.
24
Evaluate 1 + 9 + 0 + (18 - 26) + 27 + -26.
3
What is the value of (-1 - (-16 - -2) - 13) + -4 + 1?
-3
What is the value of 1 + -4 + 0 + 0 + -66 + 78?
9
Calculate 79 - (35 + (-9 - 9) + 0).
62
-35 + (2 - -2) - (13 + -2 - 25)
-17
What is the value of (-30 - -44) + 19 + -82?
-49
119 - 3 - (2578 - 2423)
-39
Evaluate 81 - (0 + -14 + 32 + (4 - -1)).
58
Calculate -62 - -1 - ((62 - -83) + -140).
-66
Calculate -775 - -750 - (-30 + 1) - -90.
94
Calculate -18 + 25 + 24 + -57.
-26
What is the value of -13 - (-26 + 9) - 8 - (-4 + -63) - 8?
55
Calculate -61 + -59 + (100 - -5).
-15
Calculate (2 - 1 - (-2 - -9) - -8) + 5 + 4.
11
What is the value of (-9 + 20 - ((-8 - -16) + 5)) + 70?
68
What is 3 + 4 + -8 + 2 + -1 + (-8 - -38)?
30
What is 0 + 3 + 12 - (-13 - (115 - 55))?
88
What is -63 + 0 + -9 + 2 - (-1 + (-31 - -23))?
-61
(-82 - (-77 + 48)) + -24
-77
What is the value of -72 + 38 + 56 - 41?
-19
What is the value of 3 + -5 + -1 + (-17 + -9 + 9 - -106)?
86
46 + -8 + -82 + 14
-30
2386 - 2329 - (1 + -3 - 9)
68
Calculate -32 + 6 + 1 + 6 - (16 + 4).
-39
-157 - ((-355 - 35) + 124)
109
What is the value of -113 - -11 - (-40 + -15)?
-47
What is the value of (147 - 75 - -29) + -190?
-89
Calculate 0 + -1 + 28 + -7 + -8 + -51.
-39
Calculate (1 - 44) + (-2 - -3) + (-55687 - -55705).
-24
Evaluate 35 + (-35 + -127 - -133).
6
Calculate 12 - 24 - 8 - (-128 - (-17 - -17)).
108
What is the value of (-7 + 10 + -21 - -30) + 17?
29
((35 - 114) + -4 - -12) + 21
-50
What is (-22 - -25) + 18 + -35 + 48?
34
(1 - -16) + 46 + (-25 - 143)
-105
Calculate (52 - (142 - 42)) + 15.
-33
What is (20 + 28 - 12) + (2 - -3 - (15 + -8))?
34
What is (12 - (12 - 7) - -4) + -20 + 61?
52
Evaluate 1 + (66 - 2) + (40 + -33 - (-1 + 1)).
72
17 + 88 + -48 + 0
57
Evaluate -1 - -77 - (-2 - (-12 + 46 - 13 - 22)).
77
Evaluate (-275 - -262 - (1 - 2)) + -3.
-15
What is -25 - (-28 - -5 - 14) - (107 - (4 + 0))?
-91
Calculate (-113 - (0 - 52)) + 0.
-61
-33 + (14 - 2) + 34
13
Evaluate 41 + (3 - (31 + 16)).
-3
What is -37 + (-23 - (12 - 55))?
-17
Calculate (1680 - 1695 - (0 - (2 + 15))) + -53.
-51
-33 + -3 - (-10 + -9 + 12 + -6)
-23
Calculate -1 + (-10 - -12) - (-64 + 81).
-16
-1 + -10 - ((-28 - -32 - 13) + 6)
-8
What is (-6 - 9 - 7) + 5 + 2 + (4 - 4)?
-15
(-11 - -25) + (4 - (3 + -10))
25
Calculate 57 - ((-13 - -37) + -58) - 20.
71
What is the value of (38 - (91 + -26 + -42)) + (1 - 94)?
-78
Calculate -16 - (26 - (3 + -125 + 50)).
-114
What is the value of 21 + -23 + -70 + 4 + 17?
-51
What is the value of -8 - (48 + -22 + 10)?
-44
What is 108 - (59 + -7 + -25)?
81
What is 32 + -23 + -1 + 62 - 49?
21
What is (-1 - -10) + (4 - -4 - (-39 + 0 + -5))?
61
Evaluate (-11 + 3 - (12 + -5)) + (1 - (5 - -1)).
-20
Calculate -35 + (-24 - -15) + -3 + -2 + 16.
-33
Evaluate -57 + (15 - 37) + 11 + 1 + 2 + -2.
-67
What is -55 + 33 + 22 - -43?
43
Evaluate (-79 - (-45 - 15)) + 1 + 0 + 8 + -6.
-16
-12 + (-170 - -166) + (-1 - 0) + -92
-109
Evaluate -1 + 35 - (11 + -7 + 4) - 14.
12
Evaluate -41 - (22 + -2 + -89) - 150.
-122
Evaluate -645 + 563 + 2 + 27 + -8.
-61
What is the value of -6 + 31 - -8 - (-52 + 34)?
51
What is the value of (61 - 36 - 39) + -14?
-28
-16 + (44 - -15) + 5
48
Evaluate (39 + -16 - 29) + -7 + 1 + -5.
-17
Calculate (0 + 12 - ((-8 - 18) + 30)) + (-6 - 4).
-2
(-1 - 1) + 64 - (-4 + 0 + 35 + -24)
55
What is the value of -33 + -34 + 11 + 44 + -23?
-35
What is the value of (-134 + 115 - (-1 - 8)) + 1 + 3 - -54?
48
What is the value of 157 + (-203 - (-113 + -19))?
86
Calculate 135 + -251 + 114 - (67 - 0).
-69
What is the value of -117 + 59 + -3 - 36?
-97
What is the value of -28 + -60 + 75 - (1 + 3) - -119?
102
Evaluate 2 - (62 + (-74 - -72)).
-58
What is the value of 39 + (5 - 2 - 4) - (-1048 + 1038)?
48
What is the value of 1 - (22 - 2) - (-29 + 8 - -17)?
-15
(-11 - (10 - 48 - 5)) + 2
34
(-23 - -18) + 21 + -23 - 35
-42
Calculate (3 - -7) + 20 + -2 + -20.
8
What is -2 + -5 - (583 - 550) - -81?
41
What is the value of -1 - -60 - (22 + 23 + -38)?
52
21 - ((93 - 51) + -47)
26
Calculate -2 - (4 + -6) - -5 - (0 - (-7 + 6)).
4
Calculate 35 - (-17 + -17 + 81 + -31).
19
What is -129 + 46 + 19 - -72?
8
What is (0 - (2 + 14)) + -10 - 24?
-50
What is the value of -16 - (-4 + 8 + (-18 - (8 + -15))) - -47?
38
Calculate 13 - -4 - (41 + (29 - 29)).
-24
-5 - 1 - 0 - (1 + -11 - 31) - 2
33
Calculate 28 - 98 - (25 - 19) - (3 - (4 + -4)).
-79
What is -25 + -37 + -2 + (198 - 158)?
-24
(20 - 16) + -48 + 15 + -1
-30
Calculate 7 + (-5 + -30 - (7 - 11)).
-24
19 + 6 + 0 + 1 - 7
19
(-4 - 57) + 7 + 0 + -13 + 111 + -107
-63
What is the value of (31 - 13) + -20 + (-2 - -6)?
2
What is the value of -23 + (138 - (106 - 10))?
19
What is (2923 - 2873) + 3 + 19?
72
Calculate -12 + (4 - -14) + (-11 - -1 - (-44 + 22)).
18
-84 - (-47 + (61 - 24))
-74
What is the value of 50 + (89 - (42 - -56))?
41
Calculate 18 + (8 - ((-17 - -12) + (8 - -7) - 9)).
25
Calculate 67 + -136 + 5 + -1 + 0 + 13.
-52
What is the value of -5 - (-79 + (124 - 107) + -15 + 1)?
71
Evaluate 3 - (0 + -60) - (10 + (-41 - -17)).
77
Evaluate (-8 - 6) + 10 + (2 - 3) - 41.
-46
What is 4012 - 4061 - ((4 - 1) + 38)?
-90
Calculate -9 + -5 + 28 - 16 - (1 + -6).
3
Evaluate 97 + (-7 - (147 - 137 - (3 + 12))).
95
3 - (25 - (-10 + 21)) - (3 + 20)
-34
-99 - -80 - (-6 - -3) - -18
2
Calculate -11 + (-23 + 34 + (-14 - -14) - (12 - 1)).
-11
Evaluate -51 - -8 - (-215 - -73 - 17).
116
What is 59 + 35 + 28 + (3 - 6 - -2)?
121
What is the value of 211 + -197 + (108 - -21)?
143
Calculate 3 + -10 + (-25 - (-17 - -14)) + 38.
9
Evaluate 22 - 43 - (12 - 48).
15
Calculate 19 + (-32 + (66 - 31) - (6 + -2)).
18
What is the value of -71 + 28 + 7 - -67?
31
Calculate 1 + 2 + -9 - (1329 + -1336).
1
Evaluate (0 - -16) + (3 - 11) - 2 - (13 + 18).
-25
What is the value of 9 + 10 - (19 - (-9 - (-1 + 69)))?
-77
What is -15 - (24 + -8 + -16 + -19)?
4
Calculate 34 - (4 + -2 + 0 + -5 - (-10365 - -10348)).
20
Calculate 4709 - 4661 - (-1 - -32).
17
Calculate -6 - 57 - (46 + -16).
-93
Calculate 12 + (-8 - (16 + -25)) + (-56 - -3).
-40
What is the value of -9 + -20 + (-1 - (-11 - -3))?
-22
Calculate 34 + (33 - (6 - -27)).
34
-2 + (-